 and 2923058.
302
What is the greatest common factor of 1 and 307583?
1
Calculate the greatest common divisor of 418494 and 21.
3
Calculate the greatest common divisor of 55 and 179443055.
55
What is the greatest common factor of 34015210 and 3702?
1234
What is the greatest common factor of 1458 and 3064311?
81
Calculate the highest common divisor of 24 and 495284008.
8
Calculate the highest common divisor of 15573615 and 180885.
5835
What is the greatest common factor of 193413 and 23133?
33
What is the highest common divisor of 189183918 and 3311?
3311
What is the highest common divisor of 22428333 and 9?
9
What is the greatest common divisor of 1470015 and 1485?
135
Calculate the greatest common factor of 9380649 and 1199.
109
What is the greatest common divisor of 50171 and 45331?
11
What is the highest common divisor of 5402 and 5846?
74
What is the highest common factor of 69276 and 1840?
92
What is the highest common divisor of 427366 and 4761538?
3782
Calculate the greatest common factor of 858729857 and 17.
17
What is the highest common divisor of 424178 and 4588246?
3238
Calculate the highest common factor of 3439 and 71060057.
3439
What is the highest common divisor of 38929716 and 4872?
2436
Calculate the greatest common divisor of 24 and 5019096.
24
Calculate the greatest common factor of 224053851 and 56301.
8043
Calculate the highest common divisor of 439 and 80855020.
439
What is the highest common divisor of 19535466 and 447315?
8133
Calculate the greatest common factor of 5218 and 1598.
2
Calculate the greatest common divisor of 330 and 202917440.
110
What is the highest common factor of 101097 and 82908?
423
Calculate the highest common factor of 2036985 and 120.
15
Calculate the greatest common divisor of 156 and 1740540.
12
What is the greatest common factor of 406219907 and 29?
29
Calculate the greatest common divisor of 64389 and 1012063.
1651
Calculate the highest common divisor of 4542679 and 2149.
307
Calculate the highest common divisor of 13504085 and 91.
7
What is the greatest common divisor of 250308485 and 2460?
205
Calculate the highest common factor of 822999 and 96.
3
What is the greatest common factor of 5486844 and 136521?
6501
What is the greatest common factor of 29379 and 98259?
21
Calculate the highest common divisor of 50 and 18426520.
10
What is the greatest common divisor of 3132 and 90163494?
522
What is the highest common divisor of 82530195 and 3630?
165
Calculate the highest common factor of 24908534 and 5144.
1286
Calculate the highest common divisor of 375 and 67292250.
375
Calculate the greatest common factor of 3706050 and 56587.
797
Calculate the highest common factor of 33790 and 17781170.
1090
Calculate the highest common factor of 1956818 and 2301014.
6374
Calculate the greatest common divisor of 442279 and 31559.
151
Calculate the greatest common divisor of 1023 and 1657623.
33
Calculate the highest common divisor of 355757 and 62607.
41
What is the highest common divisor of 22515 and 5440335?
1185
Calculate the highest common factor of 16629364 and 102624.
4276
Calculate the highest common factor of 959471685 and 258.
129
What is the highest common factor of 13924879 and 3193?
103
What is the greatest common factor of 5264 and 1500898?
658
Calculate the greatest common divisor of 1202 and 1541565.
601
What is the greatest common divisor of 230454 and 464625?
3717
What is the greatest common factor of 148590726 and 13044?
6522
What is the highest common factor of 600 and 41406450?
150
Calculate the greatest common divisor of 373636 and 406.
58
Calculate the highest common factor of 752031 and 7245.
1449
Calculate the greatest common divisor of 83336247 and 666.
333
Calculate the greatest common factor of 2231313 and 1911.
147
What is the highest common factor of 7794 and 159228?
18
Calculate the highest common divisor of 4110513 and 99.
33
What is the greatest common divisor of 22 and 491680057?
11
Calculate the greatest common divisor of 2842 and 79478.
98
What is the greatest common factor of 96 and 14612952?
24
Calculate the highest common factor of 49 and 699291495.
49
What is the greatest common divisor of 763979 and 43473?
337
What is the greatest common factor of 207028 and 23068?
292
Calculate the greatest common factor of 118775 and 15900.
25
What is the greatest common divisor of 49129300 and 220660?
12980
What is the highest common divisor of 7300 and 121718375?
1825
Calculate the highest common divisor of 176945 and 139105.
215
Calculate the highest common factor of 1727936 and 12502.
266
Calculate the highest common factor of 25 and 2942060.
5
What is the greatest common factor of 12412 and 1181489?
29
Calculate the highest common factor of 1966258909 and 19.
19
What is the highest common factor of 10159775 and 950?
475
What is the highest common factor of 995895 and 434970?
405
What is the highest common divisor of 107 and 25270190?
107
What is the greatest common factor of 15492288 and 32?
32
What is the greatest common divisor of 1007619 and 4818?
219
What is the greatest common factor of 58672 and 2879792?
304
What is the greatest common divisor of 11936336 and 32?
16
What is the highest common divisor of 2514252 and 112606?
1846
Calculate the highest common divisor of 75821587 and 796.
199
What is the greatest common divisor of 1430 and 1387430?
110
What is the greatest common factor of 2895507084 and 82?
82
What is the greatest common divisor of 471 and 23798217?
471
What is the greatest common divisor of 773433 and 4959?
171
What is the greatest common factor of 61246952 and 3563?
509
What is the greatest common divisor of 78371469 and 495?
99
Calculate the greatest common divisor of 20 and 3271580.
20
What is the highest common divisor of 5319 and 1426674?
591
Calculate the highest common factor of 3452967 and 2016.
63
What is the greatest common factor of 24912 and 485136?
144
Calculate the highest common factor of 1144526 and 1003858.
6394
Calculate the greatest common divisor of 819793 and 874.
19
What is the greatest common factor of 62772734 and 332?
166
Calculate the greatest common factor of 2777253 and 636.
159
What is the greatest common divisor of 93 and 51063603?
93
What is the greatest common factor of 9130761 and 29413?
439
Calculate the greatest common factor of 3247179 and 10183.
599
Calculate the highest common divisor of 6 and 314532837.
3
What is the greatest common divisor of 4 and 207611518?
2
Calculate the highest common factor of 3514 and 5388719.
1757
Calculate the highest common divisor of 310 and 85306885.
155
What is the greatest common divisor of 2310066 and 24?
6
What is the greatest common divisor of 169606946 and 118?
118
Calculate the greatest common divisor of 201991444 and 4.
4
Calculate the highest common divisor of 60105976 and 56.
56
What is the greatest common divisor of 53764942 and 6223?
889
Calculate the greatest common divisor of 459273 and 325293.
87
What is the highest common divisor of 615682 and 263968?
146
What is the highest common divisor of 16 and 12647588?
4
What is the greatest common divisor of 50 and 2133710?
10
Calculate the highest common factor of 2683120 and 160.
80
Calculate the highest common divisor of 6741200 and 2850.
950
Calculate the greatest common factor of 8580 and 61916580.
660
What is the highest common factor of 17826342 and 21?
3
Calculate the highest common factor of 5 and 25519370.
5
What is the greatest common factor of 230920183 and 39?
13
What is the highest common divisor of 47955 and 130799?
139
What is the greatest common factor of 1006776 and 11191851?
2133
Calculate the highest common factor of 627 and 3100971.
57
What is the greatest common factor of 16192 and 138528?
32
What is the greatest common factor of 202611904 and 88?
88
What is the highest common divisor of 3370760 and 1019320?
680
What is the highest common factor of 26125 and 232375?
1375
What is the highest common factor of 504 and 2853852?
12
What is the greatest common factor of 10 and 61935530?
10
What is the highest common factor of 3567 and 773629?
41
Calculate the greatest common divisor of 2950 and 4089172.
118
What is the greatest common divisor of 160 and 4744240?
80
What is the greatest common factor of 3375866